{"id":599,"date":"2022-09-25T11:55:15","date_gmt":"2022-09-25T09:55:15","guid":{"rendered":"https:\/\/foto-guebert.de\/blog\/?page_id=599"},"modified":"2025-02-12T16:57:20","modified_gmt":"2025-02-12T15:57:20","slug":"passbilder-oder-bewerbungsfotos-sofort-zum-mitnehmen","status":"publish","type":"page","link":"https:\/\/foto-guebert.de\/blog\/passbilder-oder-bewerbungsfotos-sofort-zum-mitnehmen\/","title":{"rendered":"Home"},"content":{"rendered":"\t\t<div data-elementor-type=\"wp-page\" data-elementor-id=\"599\" class=\"elementor elementor-599\" data-elementor-settings=\"{&quot;element_pack_global_tooltip_width&quot;:{&quot;unit&quot;:&quot;px&quot;,&quot;size&quot;:&quot;&quot;,&quot;sizes&quot;:[]},&quot;element_pack_global_tooltip_width_tablet&quot;:{&quot;unit&quot;:&quot;px&quot;,&quot;size&quot;:&quot;&quot;,&quot;sizes&quot;:[]},&quot;element_pack_global_tooltip_width_mobile&quot;:{&quot;unit&quot;:&quot;px&quot;,&quot;size&quot;:&quot;&quot;,&quot;sizes&quot;:[]},&quot;element_pack_global_tooltip_padding&quot;:{&quot;unit&quot;:&quot;px&quot;,&quot;top&quot;:&quot;&quot;,&quot;right&quot;:&quot;&quot;,&quot;bottom&quot;:&quot;&quot;,&quot;left&quot;:&quot;&quot;,&quot;isLinked&quot;:true},&quot;element_pack_global_tooltip_padding_tablet&quot;:{&quot;unit&quot;:&quot;px&quot;,&quot;top&quot;:&quot;&quot;,&quot;right&quot;:&quot;&quot;,&quot;bottom&quot;:&quot;&quot;,&quot;left&quot;:&quot;&quot;,&quot;isLinked&quot;:true},&quot;element_pack_global_tooltip_padding_mobile&quot;:{&quot;unit&quot;:&quot;px&quot;,&quot;top&quot;:&quot;&quot;,&quot;right&quot;:&quot;&quot;,&quot;bottom&quot;:&quot;&quot;,&quot;left&quot;:&quot;&quot;,&quot;isLinked&quot;:true},&quot;element_pack_global_tooltip_border_radius&quot;:{&quot;unit&quot;:&quot;px&quot;,&quot;top&quot;:&quot;&quot;,&quot;right&quot;:&quot;&quot;,&quot;bottom&quot;:&quot;&quot;,&quot;left&quot;:&quot;&quot;,&quot;isLinked&quot;:true},&quot;element_pack_global_tooltip_border_radius_tablet&quot;:{&quot;unit&quot;:&quot;px&quot;,&quot;top&quot;:&quot;&quot;,&quot;right&quot;:&quot;&quot;,&quot;bottom&quot;:&quot;&quot;,&quot;left&quot;:&quot;&quot;,&quot;isLinked&quot;:true},&quot;element_pack_global_tooltip_border_radius_mobile&quot;:{&quot;unit&quot;:&quot;px&quot;,&quot;top&quot;:&quot;&quot;,&quot;right&quot;:&quot;&quot;,&quot;bottom&quot;:&quot;&quot;,&quot;left&quot;:&quot;&quot;,&quot;isLinked&quot;:true}}\" data-elementor-post-type=\"page\">\n\t\t\t\t\t\t<section class=\"elementor-section elementor-top-section elementor-element elementor-element-34a90005 elementor-section-boxed elementor-section-height-default elementor-section-height-default\" data-id=\"34a90005\" data-element_type=\"section\">\n\t\t\t\t\t\t<div class=\"elementor-container elementor-column-gap-default\">\n\t\t\t\t\t<div class=\"elementor-column elementor-col-100 elementor-top-column elementor-element elementor-element-758eb416\" data-id=\"758eb416\" data-element_type=\"column\">\n\t\t\t<div class=\"elementor-widget-wrap elementor-element-populated\">\n\t\t\t\t\t\t<div class=\"elementor-element elementor-element-70cfd959 elementor-widget elementor-widget-text-editor\" data-id=\"70cfd959\" data-element_type=\"widget\" data-widget_type=\"text-editor.default\">\n\t\t\t\t<div class=\"elementor-widget-container\">\n\t\t\t\t\t\t\t\t\t<h2 style=\"text-align: center;\"><strong>Ohne Termin erhalten Sie sofort zum mitnehmen<\/strong><\/h2>\r\n<h2 style=\"text-align: center;\"><strong> Passfotos und Bewerbungsfotos<\/strong><\/h2>\r\n<p style=\"text-align: center;\"><img fetchpriority=\"high\" decoding=\"async\" class=\"aligncenter wp-image-457 size-large\" src=\"https:\/\/foto-guebert.de\/blog\/wp-content\/uploads\/2019\/02\/Werbung_Glas-1024x644.jpg\" alt=\"\" width=\"1024\" height=\"644\" srcset=\"https:\/\/foto-guebert.de\/blog\/wp-content\/uploads\/2019\/02\/Werbung_Glas-1024x644.jpg 1024w, https:\/\/foto-guebert.de\/blog\/wp-content\/uploads\/2019\/02\/Werbung_Glas-300x189.jpg 300w, https:\/\/foto-guebert.de\/blog\/wp-content\/uploads\/2019\/02\/Werbung_Glas-768x483.jpg 768w\" sizes=\"(max-width: 1024px) 100vw, 1024px\" \/><\/p>\r\n&nbsp;\t\t\t\t\t\t\t\t<\/div>\n\t\t\t\t<\/div>\n\t\t\t\t\t<\/div>\n\t\t<\/div>\n\t\t\t\t\t<\/div>\n\t\t<\/section>\n\t\t<div class=\"elementor-element elementor-element-e228277 e-flex e-con-boxed e-con e-parent\" data-id=\"e228277\" data-element_type=\"container\">\n\t\t\t\t\t<div class=\"e-con-inner\">\n\t\t<div class=\"elementor-element elementor-element-0c2da74 e-con-full e-flex e-con e-child\" data-id=\"0c2da74\" data-element_type=\"container\">\n\t\t\t\t<div class=\"elementor-element elementor-element-5de6499 elementor-widget elementor-widget-video\" data-id=\"5de6499\" data-element_type=\"widget\" data-settings=\"{&quot;video_type&quot;:&quot;hosted&quot;,&quot;autoplay&quot;:&quot;yes&quot;,&quot;controls&quot;:&quot;yes&quot;}\" data-widget_type=\"video.default\">\n\t\t\t\t<div class=\"elementor-widget-container\">\n\t\t\t\t\t\t\t<div class=\"e-hosted-video elementor-wrapper elementor-open-inline\">\n\t\t\t\t\t<video class=\"elementor-video\" src=\"https:\/\/foto-guebert.de\/blog\/wp-content\/uploads\/2025\/02\/202502-12-0.mp4\" autoplay=\"\" controls=\"\" controlsList=\"nodownload\"><\/video>\n\t\t\t\t<\/div>\n\t\t\t\t\t\t<\/div>\n\t\t\t\t<\/div>\n\t\t\t\t<\/div>\n\t\t\t\t\t<\/div>\n\t\t\t\t<\/div>\n\t\t\t\t<\/div>\n\t\t","protected":false},"excerpt":{"rendered":"<p>Ohne Termin erhalten Sie sofort zum mitnehmen Passfotos und Bewerbungsfotos &nbsp;https:\/\/foto-guebert.de\/blog\/wp-content\/uploads\/2025\/02\/202502-12-0.mp4<\/p>\n","protected":false},"author":1,"featured_media":0,"parent":0,"menu_order":0,"comment_status":"closed","ping_status":"closed","template":"","meta":{"footnotes":""},"class_list":["post-599","page","type-page","status-publish","hentry"],"blocksy_meta":[],"yoast_head":"<!-- This site is optimized with the Yoast SEO plugin v27.0 - https:\/\/yoast.com\/product\/yoast-seo-wordpress\/ -->\n<title>Home - Foto G\u00fcbert<\/title>\n<meta name=\"robots\" content=\"index, follow, max-snippet:-1, max-image-preview:large, max-video-preview:-1\" \/>\n<link rel=\"canonical\" href=\"https:\/\/foto-guebert.de\/blog\/passbilder-oder-bewerbungsfotos-sofort-zum-mitnehmen\/\" \/>\n<meta property=\"og:locale\" content=\"de_DE\" \/>\n<meta property=\"og:type\" content=\"article\" \/>\n<meta property=\"og:title\" content=\"Home - Foto G\u00fcbert\" \/>\n<meta property=\"og:description\" content=\"Ohne Termin erhalten Sie sofort zum mitnehmen Passfotos und Bewerbungsfotos &nbsp;https:\/\/foto-guebert.de\/blog\/wp-content\/uploads\/2025\/02\/202502-12-0.mp4\" \/>\n<meta property=\"og:url\" content=\"https:\/\/foto-guebert.de\/blog\/passbilder-oder-bewerbungsfotos-sofort-zum-mitnehmen\/\" \/>\n<meta property=\"og:site_name\" content=\"Foto G\u00fcbert\" \/>\n<meta property=\"article:modified_time\" content=\"2025-02-12T15:57:20+00:00\" \/>\n<meta property=\"og:image\" content=\"https:\/\/foto-guebert.de\/blog\/wp-content\/uploads\/2019\/02\/Werbung_Glas-1024x644.jpg\" \/>\n\t<meta property=\"og:image:width\" content=\"1024\" \/>\n\t<meta property=\"og:image:height\" content=\"644\" \/>\n\t<meta property=\"og:image:type\" content=\"image\/jpeg\" \/>\n<meta name=\"twitter:card\" content=\"summary_large_image\" \/>\n<meta name=\"twitter:label1\" content=\"Gesch\u00e4tzte Lesezeit\" \/>\n\t<meta name=\"twitter:data1\" content=\"1\u00a0Minute\" \/>\n<script type=\"application\/ld+json\" class=\"yoast-schema-graph\">{\"@context\":\"https:\/\/schema.org\",\"@graph\":[{\"@type\":\"WebPage\",\"@id\":\"https:\/\/foto-guebert.de\/blog\/passbilder-oder-bewerbungsfotos-sofort-zum-mitnehmen\/\",\"url\":\"https:\/\/foto-guebert.de\/blog\/passbilder-oder-bewerbungsfotos-sofort-zum-mitnehmen\/\",\"name\":\"Home - Foto G\u00fcbert\",\"isPartOf\":{\"@id\":\"https:\/\/foto-guebert.de\/blog\/#website\"},\"primaryImageOfPage\":{\"@id\":\"https:\/\/foto-guebert.de\/blog\/passbilder-oder-bewerbungsfotos-sofort-zum-mitnehmen\/#primaryimage\"},\"image\":{\"@id\":\"https:\/\/foto-guebert.de\/blog\/passbilder-oder-bewerbungsfotos-sofort-zum-mitnehmen\/#primaryimage\"},\"thumbnailUrl\":\"https:\/\/foto-guebert.de\/blog\/wp-content\/uploads\/2019\/02\/Werbung_Glas-1024x644.jpg\",\"datePublished\":\"2022-09-25T09:55:15+00:00\",\"dateModified\":\"2025-02-12T15:57:20+00:00\",\"breadcrumb\":{\"@id\":\"https:\/\/foto-guebert.de\/blog\/passbilder-oder-bewerbungsfotos-sofort-zum-mitnehmen\/#breadcrumb\"},\"inLanguage\":\"de\",\"potentialAction\":[{\"@type\":\"ReadAction\",\"target\":[\"https:\/\/foto-guebert.de\/blog\/passbilder-oder-bewerbungsfotos-sofort-zum-mitnehmen\/\"]}]},{\"@type\":\"ImageObject\",\"inLanguage\":\"de\",\"@id\":\"https:\/\/foto-guebert.de\/blog\/passbilder-oder-bewerbungsfotos-sofort-zum-mitnehmen\/#primaryimage\",\"url\":\"https:\/\/foto-guebert.de\/blog\/wp-content\/uploads\/2019\/02\/Werbung_Glas.jpg\",\"contentUrl\":\"https:\/\/foto-guebert.de\/blog\/wp-content\/uploads\/2019\/02\/Werbung_Glas.jpg\",\"width\":5634,\"height\":3543},{\"@type\":\"BreadcrumbList\",\"@id\":\"https:\/\/foto-guebert.de\/blog\/passbilder-oder-bewerbungsfotos-sofort-zum-mitnehmen\/#breadcrumb\",\"itemListElement\":[{\"@type\":\"ListItem\",\"position\":1,\"name\":\"Startseite\",\"item\":\"https:\/\/foto-guebert.de\/blog\/\"},{\"@type\":\"ListItem\",\"position\":2,\"name\":\"Home\"}]},{\"@type\":\"WebSite\",\"@id\":\"https:\/\/foto-guebert.de\/blog\/#website\",\"url\":\"https:\/\/foto-guebert.de\/blog\/\",\"name\":\"Foto G\u00fcbert\",\"description\":\"R\u00fcsselsheim Tel. 06142 81122  Bitte beachten: Unsere \u00d6ffnungszeiten bitte Telefonisch erfragen!\",\"potentialAction\":[{\"@type\":\"SearchAction\",\"target\":{\"@type\":\"EntryPoint\",\"urlTemplate\":\"https:\/\/foto-guebert.de\/blog\/?s={search_term_string}\"},\"query-input\":{\"@type\":\"PropertyValueSpecification\",\"valueRequired\":true,\"valueName\":\"search_term_string\"}}],\"inLanguage\":\"de\"}]}<\/script>\n<!-- \/ Yoast SEO plugin. -->","yoast_head_json":{"title":"Home - Foto G\u00fcbert","robots":{"index":"index","follow":"follow","max-snippet":"max-snippet:-1","max-image-preview":"max-image-preview:large","max-video-preview":"max-video-preview:-1"},"canonical":"https:\/\/foto-guebert.de\/blog\/passbilder-oder-bewerbungsfotos-sofort-zum-mitnehmen\/","og_locale":"de_DE","og_type":"article","og_title":"Home - Foto G\u00fcbert","og_description":"Ohne Termin erhalten Sie sofort zum mitnehmen Passfotos und Bewerbungsfotos &nbsp;https:\/\/foto-guebert.de\/blog\/wp-content\/uploads\/2025\/02\/202502-12-0.mp4","og_url":"https:\/\/foto-guebert.de\/blog\/passbilder-oder-bewerbungsfotos-sofort-zum-mitnehmen\/","og_site_name":"Foto G\u00fcbert","article_modified_time":"2025-02-12T15:57:20+00:00","og_image":[{"width":1024,"height":644,"url":"https:\/\/foto-guebert.de\/blog\/wp-content\/uploads\/2019\/02\/Werbung_Glas-1024x644.jpg","type":"image\/jpeg"}],"twitter_card":"summary_large_image","twitter_misc":{"Gesch\u00e4tzte Lesezeit":"1\u00a0Minute"},"schema":{"@context":"https:\/\/schema.org","@graph":[{"@type":"WebPage","@id":"https:\/\/foto-guebert.de\/blog\/passbilder-oder-bewerbungsfotos-sofort-zum-mitnehmen\/","url":"https:\/\/foto-guebert.de\/blog\/passbilder-oder-bewerbungsfotos-sofort-zum-mitnehmen\/","name":"Home - Foto G\u00fcbert","isPartOf":{"@id":"https:\/\/foto-guebert.de\/blog\/#website"},"primaryImageOfPage":{"@id":"https:\/\/foto-guebert.de\/blog\/passbilder-oder-bewerbungsfotos-sofort-zum-mitnehmen\/#primaryimage"},"image":{"@id":"https:\/\/foto-guebert.de\/blog\/passbilder-oder-bewerbungsfotos-sofort-zum-mitnehmen\/#primaryimage"},"thumbnailUrl":"https:\/\/foto-guebert.de\/blog\/wp-content\/uploads\/2019\/02\/Werbung_Glas-1024x644.jpg","datePublished":"2022-09-25T09:55:15+00:00","dateModified":"2025-02-12T15:57:20+00:00","breadcrumb":{"@id":"https:\/\/foto-guebert.de\/blog\/passbilder-oder-bewerbungsfotos-sofort-zum-mitnehmen\/#breadcrumb"},"inLanguage":"de","potentialAction":[{"@type":"ReadAction","target":["https:\/\/foto-guebert.de\/blog\/passbilder-oder-bewerbungsfotos-sofort-zum-mitnehmen\/"]}]},{"@type":"ImageObject","inLanguage":"de","@id":"https:\/\/foto-guebert.de\/blog\/passbilder-oder-bewerbungsfotos-sofort-zum-mitnehmen\/#primaryimage","url":"https:\/\/foto-guebert.de\/blog\/wp-content\/uploads\/2019\/02\/Werbung_Glas.jpg","contentUrl":"https:\/\/foto-guebert.de\/blog\/wp-content\/uploads\/2019\/02\/Werbung_Glas.jpg","width":5634,"height":3543},{"@type":"BreadcrumbList","@id":"https:\/\/foto-guebert.de\/blog\/passbilder-oder-bewerbungsfotos-sofort-zum-mitnehmen\/#breadcrumb","itemListElement":[{"@type":"ListItem","position":1,"name":"Startseite","item":"https:\/\/foto-guebert.de\/blog\/"},{"@type":"ListItem","position":2,"name":"Home"}]},{"@type":"WebSite","@id":"https:\/\/foto-guebert.de\/blog\/#website","url":"https:\/\/foto-guebert.de\/blog\/","name":"Foto G\u00fcbert","description":"R\u00fcsselsheim Tel. 06142 81122  Bitte beachten: Unsere \u00d6ffnungszeiten bitte Telefonisch erfragen!","potentialAction":[{"@type":"SearchAction","target":{"@type":"EntryPoint","urlTemplate":"https:\/\/foto-guebert.de\/blog\/?s={search_term_string}"},"query-input":{"@type":"PropertyValueSpecification","valueRequired":true,"valueName":"search_term_string"}}],"inLanguage":"de"}]}},"_links":{"self":[{"href":"https:\/\/foto-guebert.de\/blog\/wp-json\/wp\/v2\/pages\/599","targetHints":{"allow":["GET"]}}],"collection":[{"href":"https:\/\/foto-guebert.de\/blog\/wp-json\/wp\/v2\/pages"}],"about":[{"href":"https:\/\/foto-guebert.de\/blog\/wp-json\/wp\/v2\/types\/page"}],"author":[{"embeddable":true,"href":"https:\/\/foto-guebert.de\/blog\/wp-json\/wp\/v2\/users\/1"}],"replies":[{"embeddable":true,"href":"https:\/\/foto-guebert.de\/blog\/wp-json\/wp\/v2\/comments?post=599"}],"version-history":[{"count":10,"href":"https:\/\/foto-guebert.de\/blog\/wp-json\/wp\/v2\/pages\/599\/revisions"}],"predecessor-version":[{"id":895,"href":"https:\/\/foto-guebert.de\/blog\/wp-json\/wp\/v2\/pages\/599\/revisions\/895"}],"wp:attachment":[{"href":"https:\/\/foto-guebert.de\/blog\/wp-json\/wp\/v2\/media?parent=599"}],"curies":[{"name":"wp","href":"https:\/\/api.w.org\/{rel}","templated":true}]}}